 z = -40 - -80. Suppose 4*w - 4*s + 120 = 0, 0 = 5*s + 5 - 15. Let q = w + z. List the prime factors of q.
2, 3
Suppose 0 = -4*q + 59 - 27. List the prime factors of q.
2
Let a(c) = -2*c**2 - 3*c + 0*c**2 + 10*c**3 - 9*c**3. Let z be a(5). Suppose 0 = -2*h + 4*h - z. What are the prime factors of h?
2, 3, 5
Let l = 2 + 3. Suppose 2*b + 2 = l*o, -5*o - 5 - 5 = 0. List the prime factors of 3 + -42*4/b.
31
Suppose 7*c - 1875 = 1289. What are the prime factors of c?
2, 113
Let w = 5 + -1. Let y be ((-12)/7)/(w/(-14)). Suppose y*k - 238 = k - u, -4*u - 104 = -2*k. What are the prime factors of k?
2, 3
Let j(q) = 9*q**2 + 2*q - 6. Let t be j(-3). Let h = -31 + t. List the prime factors of h.
2, 19
What are the prime factors of ((-237)/(-5))/((-7)/(-315))?
3, 79
Let b(n) = 29*n + 5. Suppose 49 = 10*r - 11. List the prime factors of b(r).
179
Let i(n) = n**3 + 5*n**2 - 9*n - 4. Let c be i(-6). Suppose -5*r + 2*a + 542 = 0, 2*r + 0*r - 216 = a. What are the prime factors of r/70 - (-6)/c?
2
Suppose 2358 - 15938 = -10*i. List the prime factors of i.
2, 7, 97
List the prime factors of 68926/20 + (-108)/360.
2, 1723
Let b(k) = 26*k - 653. List the prime factors of b(29).
101
Suppose -2*f + 177 = -81. Suppose -4*x + f = -143. Let q = x - 27. What are the prime factors of q?
41
Let y(v) = -v**2 - 5*v - 4. Let p be y(-6). Let h = -5 - p. What are the prime factors of h?
5
Let s = 855 - -1008. List the prime factors of s.
3, 23
Suppose 0*l + 3*l - 4191 = 0. What are the prime factors of l?
11, 127
Let v(d) = d**3 - 4*d**2 - 4*d - 2. Let u be v(5). Suppose 0 = 15*n - 10*n - 25. Suppose -u*t - 4 = f, n*f + t - 5*t = 56. List the prime factors of f.
2
Let q(o) = 2007*o**2 - 20*o - 17. List the prime factors of q(-1).
2, 3, 5, 67
Suppose 4*y + 62 = 46. Suppose -5*n = -2*h + 6, -2 = -5*n + h - 5. List the prime factors of -5 - y - (-19 - n).
2, 3
Suppose 4*c = 7*c. Suppose 0 = -s - 3*v + 69, 4*v + 4 - 12 = c. What are the prime factors of s?
3, 7
Suppose -p + 36 = 8*p. Suppose -p*z = -3*m - 7*z + 39, -12 = -3*z. What are the prime factors of m?
3
Let a be 17/(-102) - 115/(-6). Let b = 9 - -1. Let f = a - b. List the prime factors of f.
3
Let j = -102 - -102. Suppose 0*d - 5*d + 19 = i, j = 5*i + 2*d - 95. What are the prime factors of i?
19
Let c(z) = -30*z + 7. Let y be c(-1). Suppose -2*x = 2*a - 46, -4*a + y = 2*x - 5*a. What are the prime factors of x?
2, 5
Suppose -4*s + q + 24 = 0, 2*s - 9 = 2*q + 3. Suppose 25 = 4*u - 15. Suppose i - s - u = 0. What are the prime factors of i?
2
Let g(a) = -a**3 - 11*a**2 + 13*a + 15. Let o be g(-12). Let z be 15*(o + 230/6). What are the prime factors of (2/(-4))/((-10)/z)?
31
Let h(f) = f**3 - 7*f**2 + 5*f + 2. Suppose -4*l = 2*c - 13 - 13, 2*l = 2*c - 2. Let a be h(l). Let p = a + 33. What are the prime factors of p?
7
Let h(l) = -l**2 + 2*l + 8. Let f be h(0). Suppose 0 = 3*m - f*m. Suppose 7*s - 8*s + 31 = m. List the prime factors of s.
31
Suppose -i + 11*m - 13*m = -673, 0 = -i + m + 658. List the prime factors of i.
3, 13, 17
What are the prime factors of (168/(-112))/(3/(-4774))?
7, 11, 31
Let n(a) = -a - 3. Let z be n(-1). Let i be (-15)/(-60)*0/z. Let b(s) = s**2 + 2*s + 41. List the prime factors of b(i).
41
Let r = 960 + -366. What are the prime factors of r?
2, 3, 11
Suppose 2*w = -0*w + 14. Let c(f) be the first derivative of -f**3/3 + 9*f**2/2 - 5*f - 4. List the prime factors of c(w).
3
Let i = -186 - -52. Let a = i + 234. List the prime factors of a.
2, 5
List the prime factors of (-565*(-1)/5)/1.
113
Suppose 4*l = 2925 + 495. Suppose -3*p + z = -l, -2*z - 73 = -p + 212. What are the prime factors of p?
3, 5, 19
Let n(r) = 85*r + 64. Let w(y) = 57*y + 43. Let p(b) = -5*n(b) + 8*w(b). List the prime factors of p(5).
179
Let r(y) = 754*y**2 - 4*y + 3. What are the prime factors of r(1)?
3, 251
Let j = 19513 + -13436. List the prime factors of j.
59, 103
Suppose -7 = -2*k - 1. Suppose k*b - 5*b + 118 = 0. Suppose 3*y - 4 = b. List the prime factors of y.
3, 7
List the prime factors of 6894/4 + 17/(-34).
1723
Suppose -y + 11 = -0*y + 5*d, -4*y + 26 = 2*d. Suppose 2*q + 228 = y*q. What are the prime factors of q?
3, 19
Let p be ((-12)/42)/(3/(-21)). Suppose 0 = -p*j - 30. Let c = j - -49. List the prime factors of c.
2, 17
Suppose 3932 = 2*v - 2*o + 5*o, 1955 = v - 4*o. What are the prime factors of v?
13, 151
Let a = -3313 - -5547. What are the prime factors of a?
2, 1117
Let u = -17 + -101. Let q = u - -172. What are the prime factors of q?
2, 3
Suppose 3*g - 3*q = -45, 4*g - 2*q - q + 55 = 0. Let d(j) be the first derivative of -3*j**2/2 + 2*j - 1. List the prime factors of d(g).
2
Let r(k) = 7*k + 7*k**2 + 0*k**2 - 11 + 2*k - 4*k**2. List the prime factors of r(4).
73
Suppose 4*g - 4*v + 0 = 28, 5*g - 2*v = 38. Suppose -b = -16 + 4. Suppose -g*m - 32 = -b*m. What are the prime factors of m?
2
Suppose -63*h - 4914 = -68*h + 2*a, -3*h + 2948 = -a. List the prime factors of h.
2, 491
Let j(h) = 53*h + 388. List the prime factors of j(15).
7, 13
Suppose v + 2010 = 11*v. What are the prime factors of v?
3, 67
Let x = -501 + 900. What are the prime factors of x?
3, 7, 19
Let y be ((-12)/(-16))/((-1)/(-4)). Suppose -91 = -4*q + y*q. What are the prime factors of q?
7, 13
Suppose -30750 = -40*d + 15*d. What are the prime factors of d?
2, 3, 5, 41
Let o(y) = y**3 - 18*y**2 + 17*y - 20. Let i be o(18). Suppose 3*m - 5*j = i, -m - 2*j + 47 = -41. What are the prime factors of m?
2, 23
Let f = -562 + 1640. List the prime factors of f.
2, 7, 11
Let b(y) = 0*y**2 - y**2 - 541*y**3 + 3 + 540*y**3 + 4*y - 2*y**2. What are the prime factors of b(-6)?
3, 29
Let z(r) = -512*r + 65. List the prime factors of z(-3).
1601
Suppose -11441 = -p - 16*p. What are the prime factors of p?
673
Let o(x) = x. Let m(d) = -5*d**3 + d**2 - 2*d + 2. Let t(l) = -m(l) - o(l). Let q(a) = -a**2 + 7*a - 8. Let n be q(5). List the prime factors of t(n).
2, 3
Suppose -14 = -3*q - 2*z, 0*q - 11 = -3*q + z. Let f(k) = k**2 + 18*k + 101. Let i be f(-11). Suppose -p + q = -i. What are the prime factors of p?
2, 7
Let x(a) = -a**3 - 10*a**2 - 13*a - 38. List the prime factors of x(-11).
2, 113
Let t be (-2)/7 - (-23)/7. Suppose -2*x = t*x. Suppose -5*y + 10 = x, 4*h - h - 27 = 3*y. List the prime factors of h.
11
Let g = 75 - 75. What are the prime factors of (-8 - g)/(-1 - (-46)/50)?
2, 5
Let k be 2 - (-11 + -1 - -4). Suppose -78 = -t + k. Suppose 2*p = -8 + t. What are the prime factors of p?
2, 5
Suppose -3*v = 6, -3*v = 4*u - 4 + 2. List the prime factors of (66/1)/(u - (-78)/(-48)).
2, 11
Suppose 4*f - 3391 = -3*q, 2*q + 15*f = 16*f + 2268. What are the prime factors of q?
11, 103
Let i(s) = s**2 - s + 2. Let j(v) = -v**2 - 6*v - 1. Let p be j(-4). Suppose -p*d - 15 = -2*d. List the prime factors of i(d).
2, 7
Suppose 3*b + 4*t + 147 - 2836 = 0, -b - 2*t = -899. List the prime factors of b.
3, 11
Let m = -2 - 6. Let r(i) = -10*i - 32. List the prime factors of r(m).
2, 3
Let i(d) = d**2 - d - 5. Let y be i(4). What are the prime factors of (y/(-7))/((-2)/106)?
53
Let w = -178 - -358. List the prime factors of 34/51*w/2.
2, 3, 5
Let g(x) = 44*x**2 + 3*x - 2. Let t be g(-3). Suppose 0*f - t = -5*f. List the prime factors of f.
7, 11
Suppose -3*d - d + 17 = 3*r, 2*r = -2. Suppose -2*m + j + 1 = -0*m, d*m - 13 = -j. Suppose m*s = -0*s + 26. List the prime factors of s.
13
Let a(g) = g**3 - 2*g**2 - 4*g. Let n be a(3). Let t = 6 + n. Suppose -2*o = 3*l - 13, -t*o + 4*l = -0*l - 45. What are the prime factors of o?
11
Let k = -92 - -102. Suppose -4*o = -16, -72 = -4*z + k*o - 5*o. List the prime factors of z.
23
Let j be 2 - -1*(-8)/4. Suppose j = -2*n + 6*n - 352. What are the prime factors of n?
2, 11
Suppose 0 = 4*m - k - 4465, -50*k + 46*k = -m + 1105. What are the prime factors of m?
1117
Suppose 2*g + c - 2528 = 0, -4*c - 24 + 40 = 0. What are the prime factors of g?
2, 631
Let h(s) = -s + 5. Let b be h(-3). Let l(g) = -g**2 + 8*g + 2. Let x be l(b). Suppose r = x + 8. List the prime factors of r.
2, 5
Let p be (-18)/(-153) + 15995/17. Suppose 5*r - p = 3*t, 5*r + 5*t - 100 = 865. What are the prime factors of r?
2, 5, 19
Suppose -8*q + 3*q + 5 = 0, -k - q = -2. Suppose -k = -5*j + 14, -2*i = 5*j - 415. What are the prime factors of i?
2, 5
Let